 = 4 + -7. Let t = -3 - v. Suppose -6 = -2*g - t. What is the units digit of g?
3
Let b(j) = -j**2 + 18. What is the units digit of b(0)?
8
Let z = 125 + -60. Suppose -4*i - 2*m = m - z, -m + 84 = 5*i. What is the units digit of i?
7
Suppose -c - 4*c = -190. Let t = c + -16. What is the tens digit of t?
2
Suppose -4*h + 785 = h. What is the tens digit of h?
5
Let a(s) = 2*s**2 + 2*s - 2. Let c be a(-2). Suppose -4*v = -c*o + 22, 0*o = -4*o - v + 8. What is the units digit of o?
3
Let h = 38 + -18. Let m be ((-45)/h)/((-6)/16). What is the tens digit of 19/2 + m/12?
1
Suppose -3*q - 30 = -3*z, 2*q = -2*z - 0*z + 24. Let i = z - 3. Suppose 0 = -l + i - 1. What is the units digit of l?
7
Suppose -3*c + 11 = -1. Suppose c + 23 = t. What is the units digit of t?
7
Suppose 4*n + 8 + 12 = 0. Let s be (2/n)/(2/(-60)). Suppose -s = -3*z + z. What is the units digit of z?
6
Suppose -3*d - y = -318, -5*y = -3*d + 229 + 89. What is the units digit of d?
6
Suppose 2*b = -2*p + 24, -19 = -b + 4*p + 18. What is the units digit of b?
7
Let h be (6/9)/(4/6). What is the units digit of ((-22)/55)/(h/(-60))?
4
Suppose 3*h = 3*v - 474, -5*v - 6*h + 781 = -8*h. What is the units digit of v?
5
Let u(r) = 4*r**2 - 3*r - 3. What is the units digit of u(3)?
4
Let h be -5*(-2)/4*4. Let b = h + -8. What is the units digit of b?
2
Let c(s) = 11*s + 62. What is the units digit of c(7)?
9
Let k(h) = -15*h**2 - 3*h + 7. Let a(j) = j**2 + 2*j + 2*j + 6*j**2 - 3*j - 3. Let i(y) = 13*a(y) + 6*k(y). What is the units digit of i(5)?
3
Suppose 3*d + 86 = 7*d + 2*z, 4*d + 4*z - 76 = 0. Let n = -17 + d. What is the units digit of n?
7
Suppose -2*o - 2*o + 8 = 0. Suppose 170 = 3*s + o*s. What is the tens digit of s?
3
What is the units digit of 1*6 - (-9 + -262)?
7
Suppose s = -1 + 2. What is the units digit of s?
1
Let f = -73 + 123. What is the tens digit of f?
5
Suppose 0 = 3*n - 81 - 9. What is the units digit of n?
0
Suppose 0 = -5*j + 5 + 5. Suppose 2*x + j*x = 20. What is the units digit of 3*2/3*x?
0
Suppose 11*b - 261 = 2*b. What is the units digit of b?
9
Suppose -3*x - 20 = -8*x. What is the units digit of 6/x - (-34)/4?
0
Suppose 0 = g + 4*d - 6, 3*d - 2 = d. Let n(o) = -1 + 2*o**2 - 2 + 0 + 1. What is the units digit of n(g)?
6
Let x(o) = -2*o**3 - 4*o**2 + 5*o. Let s be x(-4). Let h be 2/(-11) - (-96)/s. What is the units digit of h - 1*(0 + 1)?
1
Let w = 202 - 138. What is the units digit of w?
4
Let t = -12 + 25. Suppose 5*s = -25, 2*s - t = 3*z - 56. What is the tens digit of z?
1
Let t be (1/2)/(4/(-24)). Let o = -1 - t. Suppose 2*y + 2*y + 26 = 3*c, -c + o*y = -8. What is the tens digit of c?
1
Let v(t) = t**2 + 7*t - 12. Let p be (0 - -2) + (-44)/4. What is the units digit of v(p)?
6
Let g = 15 - 12. What is the units digit of (18 + g)*6/7?
8
Let q = -8 + 14. What is the units digit of q?
6
Suppose 2*w - 77 + 8 = -5*n, 3*w - 4*n - 46 = 0. What is the units digit of w?
2
Let s be 2/15 + (-232)/(-60). Suppose 2*u - 3 = -s*v + 1, 2*v = -2*u + 4. What is the units digit of u?
2
Suppose 2*y = y + 2*h, 5*h = -y. Suppose y = -o - o + 48. What is the tens digit of o?
2
Let p be -8*((-1)/(-2))/(-1). Let b(n) = 11*n + 2. What is the units digit of b(p)?
6
Let v(z) = 39*z**3 - z**2 - z - 1. Let q be v(-1). Let t = q - -74. Suppose -o + 2 + 3 = -p, -4*o - 3*p + t = 0. What is the units digit of o?
7
Let g(i) = 4*i**3 - 8*i**2 - 5*i - 6. Let t(u) = -3*u**3 + 7*u**2 + 6*u + 5. Let x(k) = 2*g(k) + 3*t(k). What is the units digit of x(6)?
5
Suppose -7*x = 15*x - 3454. What is the units digit of x?
7
Let m be 24/15 - 14/(-35). Let y(i) = 3*i**3 - 3*i**2 + 1. Let l be y(2). Suppose -q + l = -m*u, -u - 13 = 4*q - 5*q. What is the tens digit of q?
1
Let r = 27 + 0. What is the tens digit of r?
2
Suppose 4*g - 4*f + 28 = 0, -2*f - 12 = 2*f. Let c = -8 - g. What is the units digit of c?
2
Suppose -k + 5 = 1. What is the units digit of ((-44)/55)/(k/(-170))?
4
Let j be 454/18 + 4/(-18). Suppose -5*a = -0*a - 4*o - 9, 0 = -a - 5*o + j. Suppose t - 3*r - 12 = -1, a*t - 3*r = 19. What is the units digit of t?
2
Suppose g = -4*g + 60. Suppose 2*f = 3 + 3. Suppose -f*a - a = -g. What is the units digit of a?
3
Let s = -5 + 8. Suppose -20 = s*n + n. Let x(h) = h**2 + 3*h. What is the units digit of x(n)?
0
Suppose 4*m = 4*b + 124, 0 = 2*m + m - 5*b - 99. What is the units digit of m?
8
Suppose 0*g + 3 = g. Let p = 14 - g. Suppose -2*h + p = 3*n, -n - h = -3*n + 12. What is the units digit of n?
5
Suppose -3*n + 58 - 22 = 3*c, 0 = -5*n + 4*c + 42. What is the units digit of n?
0
Let t = 14 - 12. What is the units digit of t?
2
Suppose -4*i - 4 = 0, 0 = 3*k - 5*k - 4*i + 6. Suppose 6 = 3*w - 6*w, 3*g = -k*w - 1. Suppose 12 = g*j - 0. What is the units digit of j?
4
Suppose -2*u + 338 = u + 4*m, 0 = -3*u + 5*m + 374. What is the units digit of u?
8
What is the units digit of ((-3816)/5)/(-6) - (-2)/(-10)?
7
Let n(i) = i - 2. What is the units digit of n(5)?
3
Suppose -5*s + 10*s - 15 = 0. Suppose 4*b + s*r = r + 232, 2*b = -2*r + 120. What is the units digit of 2/(-9) + b/9?
6
Let q = -3 + 3. Suppose -f = -q*f - 10. What is the units digit of f?
0
Let k = 23 + -7. Let d(g) = g**2 - 2*g + 1. Let u be d(3). Suppose 0 = -u*m + k + 20. What is the units digit of m?
9
Let b = -175 - -504. What is the tens digit of b?
2
Suppose r - 11 + 3 = 0. Let k(i) = -2*i**2 + 11*i + 4. Let j(u) = u**2 - 5*u - 2. Let q(t) = 7*j(t) + 4*k(t). What is the units digit of q(r)?
0
Suppose 12*d - 566 = 958. What is the tens digit of d?
2
Suppose 0 = 6*w - 7*w - 5*o + 385, -800 = -2*w + 5*o. What is the units digit of w?
5
What is the units digit of ((-6)/8)/((-75)/400)?
4
Suppose -u - 138 = -5*d, -5*d + 3*u = -46 - 98. What is the tens digit of d?
2
Suppose 5*l - 39 = 86. What is the tens digit of l?
2
Let a = -53 + 53. Suppose -5*i + 3*i - 2 = 0. What is the units digit of (0 - 1)/(i - a)?
1
What is the tens digit of (244/10)/((-30)/(-75))?
6
What is the tens digit of 4*8/(-64) - (-1578)/4?
9
Suppose 2*p = 3*p + 5*s - 4, 2*s - 4 = -p. Suppose -p = 2*a + 5*x - 3, x = -1. What is the units digit of (a - (3 - 0))/(-1)?
1
Suppose 0 = -3*b + 25 - 82. Let i = b - -37. What is the units digit of i?
8
Let v(f) = -f**3 - 6*f**2 + 12*f + 3. Let y(x) = x**3 - 7*x**2 + 5*x - 2. Let z be y(6). What is the tens digit of v(z)?
3
Suppose -967 = -6*h + 251. What is the hundreds digit of h?
2
Let o be (-5)/(-2) - 1/(-2). Let u(y) = -y**2 - y - 1. Let p be u(1). What is the units digit of p/o + 1 + 6?
6
Let o(g) = -4*g**3 - 3*g**2 - 4*g - 4. What is the tens digit of o(-3)?
8
Let t(k) = -2*k - 1. Let n be t(-2). Suppose 2*c = 4*d + 108, -3*c + 148 = -n*d + 4*d. What is the tens digit of c?
5
Let d(c) be the second derivative of c**4/12 - c**3/2 + 3*c**2/2 - 3*c. Suppose -4*j = j - 10. What is the units digit of d(j)?
1
Suppose 0 = 5*c + 2*z - 61, 4*z + 40 = 2*c + 6. Let n = c + -19. What is the units digit of 2/(-3 + -1)*n?
3
Suppose -8 - 22 = -2*j. Suppose s - 1 = f - j, -2*s = -f + 19. What is the units digit of f?
9
Suppose 0*y - 4*h - 6 = 2*y, 2*y + 6 = 5*h. Let g = y - -7. Suppose -3 = u - g*u. What is the units digit of u?
1
Let m be 30/(-75)*(-56 - -1). Suppose -5*q - 5*b = -195, 3*b - m = q - 61. What is the units digit of q?
9
Suppose -14*a + 13*a = 48. Let c = -33 - a. What is the tens digit of c?
1
Let l be (-173)/(-9) - (-2)/(-9). Suppose 5*v + l = 4. What is the units digit of (3/2)/(v/(-16))?
8
Let n be -2 + (7 - 6/3). Suppose -y - 2*j = -n*y - 22, 0 = -3*y - 5*j - 73. Let t = 2 - y. What is the units digit of t?
8
Let n(l) = -6*l - 16. What is the hundreds digit of n(-26)?
1
Let l = 4 - 2. Let j be l/11 + (-225)/(-33). What is the units digit of (1 + (-13)/j)*-7?
6
What is the units digit of 5/(-2 - 6/(-2))?
5
Let a be -3 - -3 - -70 - -4. Let n = a + -28. What is the units digit of n?
6
Let q = -8 - -11. Suppose g - 17 = 3*g - 5*h, -q*h - 1 = -4*g. Let o = 5 + g. What is the units digit of o?
9
Let d = -18 + 21. What is the units digit of d?
3
Suppose 0*p + 8 = n + 3*p, -13 = -3*n + 2*p. Let s = -8 + n. What is the units digit of (-5 + s)/(-1*1)?
8
Suppose 2*a - 150 = -3*o, -a - 2*o = -0*a - 77. What is the units digit of a?
9
Let x(w) = 6*w**3 + w**2 - w. What is the units digit of x(1)?
6
Suppose d - 29 = 3*k - 0*d,